se 0 = 3*b - 12*u + 8*u + 9, 2*b - 4*u + 6 = 0. Determine t(b).
15
Let d(u) = 19 - 162*u + 1752*u**3 - 1751*u**3 + 175*u + 4*u**2. What is d(-3)?
-11
Let c = 68 + -89. Let k(z) = -z - 21. Let d(q) = 4*q + 83. Let y(x) = 2*d(x) + 9*k(x). Determine y(c).
-2
Let g(t) = 203*t + 58. Let s(j) = 34*j - 2. Let o(l) = g(l) - 6*s(l). Give o(-17).
87
Let p(o) = -11*o**2 + 27*o + 23. Let h(j) = -70*j**2 + 163*j + 146. Let m(b) = 6*h(b) - 38*p(b). What is m(-24)?
2
Let u = 21311 - 21319. Let d(n) = n**2 + 14*n + 17. Give d(u).
-31
Let t(a) = -a - 1 - 4*a + 0 + 2. Let j(d) = 0*d**3 - 32*d - d**3 + 23*d - 10 - 13*d**2 + 47. Let g be j(-12). What is t(g)?
-4
Let c(t) = -t - 2. Let q(l) = 36*l + 207. Let d(u) = 54*c(u) + q(u). Give d(5).
9
Let r = 33 + -36. Let c(l) be the second derivative of 0*l**3 - 1/20*l**5 - 19*l + 0*l**2 - 1/3*l**4 + 0. Determine c(r).
-9
Let a be (-144)/30*15/6. Let i(j) = -j**3 - 13*j**2 - 7*j + 21. Determine i(a).
-39
Let m(h) = 3*h - 7. Suppose -126*d - 65 = -121*d. Calculate m(d).
-46
Let j(t) = -t**2 + 5*t + 84. Let u(h) = h + 14. Let g(c) = -j(c) + 6*u(c). What is g(-1)?
0
Let r(a) = a**3 + 33*a**2 - 69*a + 33. Let f = -41545 + 41510. What is r(f)?
-2
Let z(u) = -6*u**3 - 12*u**2 + 12*u + 12. Let f(w) = w**2 - w - 1. Let a(y) = 12*f(y) + z(y). Suppose -7*m - 390 - 436 = 0. Let t = 117 + m. Give a(t).
6
Let i = 15556 + -15551. Let a(l) = -l - 14. Determine a(i).
-19
Suppose -77*j + 88*j - 6 - 5 = 0. Let l(h) = -9*h**2 + 4*h - 4. Determine l(j).
-9
Let r(l) = l**3 - 49*l**2 + 180*l - 4. Suppose 223 = 5*q - d, 82 = 2*q + 6*d - 20. Give r(q).
-4
Let j(x) = x + 1. Suppose 0 = 86*p - 91*p + 25. Suppose c - 3*s = 0, -p*s + 4*s + 32 = 5*c. Determine j(c).
7
Let u(k) be the first derivative of k**4/4 + k**3/3 - 9*k**2/2 - 10*k + 1122. What is u(-2)?
4
Let p(q) = -2*q**3 - 32*q**2 + 5*q - 25. Let x(m) = 3*m**3 + 33*m**2 - 6*m + 27. Let n(d) = 5*p(d) + 4*x(d). Let i be n(14). Let c(g) = 5*g + 2. Determine c(i).
-13
Suppose 2 - 8 = -3*g. Suppose -1 + g = k. Let f(d) be the first derivative of -4*d**3 + d - 3006. What is f(k)?
-11
Let o(s) = -28635*s**2 + 28586*s**2 + s**3 - 8*s + 10 + 0*s**3 + 385. Calculate o(49).
3
Suppose 0 = -11*i - 2937 - 5621. Let n = i + 779. Let p(j) = -4*j**3 - j**2 - j + 1. What is p(n)?
-5
Let p(b) = 3*b - 1 + 0*b - 2*b**2 + b + 7 - 9 + 5*b**3. Determine p(1).
4
Let q(r) = 36 + 34*r + 33*r - 24*r + 29*r. Let n(k) = 8*k + 4. Let m(z) = -28*n(z) + 3*q(z). Give m(-4).
28
Let n(g) be the second derivative of g**3/6 + 12*g**2 + 79*g. What is n(-10)?
14
Suppose -4*t - 83 + 127 = -3*l, 0 = -5*t + l + 55. Let h(f) = 10*f - 109. Calculate h(t).
1
Let h(d) be the third derivative of 0*d**4 + 0*d + 0 - 4/3*d**3 - 9*d**2 + 1/120*d**5. Let s(f) be the first derivative of h(f). Calculate s(-6).
-6
Let q(k) = -k - 2*k + 557 - 2*k - 525. Give q(6).
2
Let c(b) = -b**3 + 3*b**2 + 2*b - 2. Let o = -39 - -135. Let a = o - 90. Suppose 6*y = a + 12. What is c(y)?
4
Let c(g) = -39*g**2 - 2*g + 2. Let p be 42/38 + 3*4*(-4)/456. Give c(p).
-39
Let l(o) be the third derivative of -o**4/24 - 19*o**3/6 - 413*o**2. Calculate l(-11).
-8
Let h(b) = b**2 - 1. Suppose 0*x - x + 15 = 0. Let s = 23 - x. Suppose -2*u + 10 = s*u. Give h(u).
0
Let u be (-306)/42 + 2 + (-130)/182. Suppose 4*c = -c + 15. Let w(x) = 2*x**2 - 6*x**2 + 1 - 2*x**2 + 3 - 4*x - x**c. Calculate w(u).
28
Let t(q) = 516*q - 1039*q + 7 + 465*q. Give t(-1).
65
Let g(z) be the third derivative of -z**6/120 - z**5/15 + z**4/8 - 5*z**3/6 + 4*z**2. Let a be (-2)/6*(4 - 10) - -84. Let r = -90 + a. Calculate g(r).
-17
Let i(q) = 7*q + 566 + 4*q - 6*q - 384 - 501. Determine i(65).
6
Let f(j) be the second derivative of 2*j**3/3 - 2*j. Let z(a) = -2*a**3 - 3*a**2 - 4*a + 5. Let v be z(3). Let n = 89 + v. Determine f(n).
4
Let j(m) be the first derivative of 9/2*m**2 - 1/3*m**3 - 68 + 0*m. What is j(10)?
-10
Let i(j) = j**3 + 5*j**2 - 7*j - 6. Let k be -4*22/33*(-3)/2. Suppose -2*h - 5 = -k*u - 13, -2*h - 2*u = 22. What is i(h)?
0
Let i(f) = 2*f**2 + 12*f + 2. Let n be (-4)/(-2) + 476/(0 - 2). Let d be (-2)/15 + n/30. Calculate i(d).
34
Let y(v) = -v**3 + 3*v**2 + 7*v - 5. Suppose -6*q - 18 + 12 = 0. Let m(b) = -14*b - 10. Let o be m(q). What is y(o)?
7
Suppose 9*g - 3*g - 33 - 15 = 0. Let f(i) = -2*i**3 + 18*i**2 - 19*i + 18. Determine f(g).
-6
Let m(c) = -7*c + 4. Let d = 3806 + -3799. What is m(d)?
-45
Let x = -11268 + 11262. Let l(c) = -c**2 + 15*c + 126. What is l(x)?
0
Let w(g) = 2*g**3 + 14 - 14*g**2 - 91*g + 11 - 47 + 41*g**2 - 3*g**3. Give w(23).
1
Let n(x) = 3*x + 13. Let f(w) = 4*w + 15. Let l(y) = -5*f(y) + 6*n(y). Calculate l(0).
3
Suppose o = 3*o. Suppose 2 + 6 = 4*t. Let l(z) = 10*z**2 - 3*z**2 - 8*z**t - 3 - 3*z**3 + 4*z**3. Calculate l(o).
-3
Let p(q) = 4 - q**2 - 15 + 2*q + 7*q. Let w be (12/(-28))/((-12)/196). Give p(w).
3
Let s(d) = 15*d - 5. Let m(v) = -15*v + 4. Let a(i) = 6*m(i) + 5*s(i). Suppose 0 = 10*c + 10 - 50. Let b be (-9 - -15)*(1 - 2) + c. Give a(b).
29
Let p(a) = 2*a**2 + 2*a - 3. Let t be p(2). Let n = -14 + t. Let x(f) be the first derivative of -2*f**3/3 - 5*f**2/2 + 2*f - 25. Determine x(n).
-23
Suppose 2*n = -n - b + 8, 2*n + 23 = 5*b. Let q(y) = 2*y - 1. Let l(r) = r - 14. Let o(s) = n*l(s) - q(s). Suppose h - 3*h = 14. What is o(h)?
-6
Suppose -11*s = -15*s. Let w(x) = -3*x**3 - 3*x**2 + 3*x + 5. Let f(m) = 4*m**3 + 4*m**2 - 4*m - 6. Let q(v) = -2*f(v) - 3*w(v). Give q(s).
-3
Let x(p) = p**3 - 10*p**2 + 19*p - 190. Suppose 5*z - 40 = -3*m, -3*m = -2*z + 81 - 107. What is x(m)?
0
Suppose i - 9 = -2*i. Suppose o = -2*b + 2, -2*o = -0*o + 3*b - i. Let m(x) = -3 - 7*x + x**2 + x + 1 + o*x. What is m(7)?
5
Suppose 11 = 6*v - 19. Suppose -2 = -v*t - c + 11, t - 5*c = -13. Let w(f) = -2*f**2 + 1 + 0*f**2 - 4*f**3 + 5*f**3. Calculate w(t).
1
Let b(c) = c**3 + 15*c**2 - 13*c + 44. Let u(y) = -2*y**3 + 6*y**2 - 15*y + 29. Let n be u(3). What is b(n)?
-4
Let v(z) = z + 3. Let s(m) = 2*m**2 + 8*m - 9. Let b be s(-5). Suppose -f - 1 = -g + b, 2*f + 9 = 3*g. Suppose 2 = 2*c - 4*y + y, 5*c = g*y - 5. Give v(c).
-2
Suppose -124831*r = -124807*r - 648. Let b(t) = 2*t - 50. What is b(r)?
4
Suppose 4*m - 336 = 588. Let u be (-126)/m - 76/22. Let j(s) = -s - 10. What is j(u)?
-6
Suppose -5*o + o + 8 = 0. Let d = 126 + -132. Let m(u) = 4*u**2 + u. Let r(l) = 11*l**2 + 3*l. Let x(f) = d*r(f) + 17*m(f). What is x(o)?
6
Let z be (3 + -5)/(1/2). Let p(n) = -5*n**2 - n**3 - 6 + 1 - 148201*n + 148198*n. Determine p(z).
-9
Suppose 4*a = 4*k - 1692, -6*a = -4*k - 7*a + 1697. Let m = -415 + k. Let t(x) = x**2 - 9*x + 12. Calculate t(m).
12
Suppose 5*j + 97 = 2*z, 5*z - 4*z + 109 = -5*j. Let g = j - -20. Let l(q) = 6*q. What is l(g)?
-6
Let k(a) = a - 7*a**2 - 2*a + 2*a + 5 + a**2 + 5*a**2. Suppose 0 = 6*w - 3*w - t + 17, -2*w - 28 = -4*t. Calculate k(w).
-15
Let l(a) be the first derivative of a**4/2 - 3*a**3 - 3*a**2 - 3*a - 1351. Determine l(5).
-8
Suppose -k - 24 = -3*k + 5*v, 3*v = -5*k - 2. Let n(q) = -6*q + 7*q**k + q + 1 - q**2 + q**3 + 8*q. Calculate n(-5).
11
Suppose 3*p + 14 = 4*p. Let t(g) = -67*g**2 - 45*g - 80. Let r(q) = 20*q**2 + 15*q + 22. Let n(d) = -10*r(d) - 3*t(d). Calculate n(p).
6
Let t(n) = 5*n + 19. Let l be 2/(60/(-297)) + 7/(-70). What is t(l)?
-31
Suppose 0 = -4*o + 5*r - 68, 2*o - 44 = 5*o - 2*r. Let h = -8 - o. Let g(c) be the first derivative of c**2 - 6*c + 43. Calculate g(h).
2
Let a(i) = -65*i - 1916. Let s(y) = 33*y + 1102. Let g(k) = 6*a(k) + 10*s(k). Give g(-8).
4
Let t(g) = 5*g - 2. Suppose -2*k + 4*k = 0. Let n be t(k). Let b(l) = -3*l**3 - 2. Give b(n).
22
Let w(a) = 5*a**2 - 9*a + 8. Let t(o) = 6*o**2 - 9*o + 9. Let m(c) = 3*t(c) - 4*w(c). Suppose -85*p + 44*p = -164. Determine m(p).
-1
Let i(r) be the third derivative of -r**4/8 - 2*r**3 - 10*r**2. Let q be i(-5). Let o(l) = 0*l**q - l**3 + 4 + 2*l**3 - 5*l**2 - 2*l. What is o(4)?
-20
Let t(k) = 6*k**2 - 975027*k - 4*k**2 + 4 + 975035*k. Give t(-3).
-2
Let u(s) = 7*s + 5. Let t(v) = v**3 + 15*v**2 + 17*v + 38. Suppose 585 = -32*j + 137. Let m be t(j). Determine u(m).
-23
Let c(m) be the first derivative of 2*m**2 - 23*m - 300. What is c(7)?
5
Let u = -129 - -129. Suppose u*z = -z + 12*z. Let r(a) = -a**3 + a**2 - a + 26. Give r(z).
26
Let n(j) = -313*j - 64. Let v(m) = -64*m - 2. Let 